{"id":2625,"date":"2020-08-25T11:40:12","date_gmt":"2020-08-25T17:40:12","guid":{"rendered":"https:\/\/www.atyccr.com\/?page_id=2625"},"modified":"2024-07-01T13:35:00","modified_gmt":"2024-07-01T19:35:00","slug":"especialista-en-seguridad-de-redes","status":"publish","type":"page","link":"https:\/\/www.atyccr.com\/?page_id=2625","title":{"rendered":"Especialista en Seguridad de Redes"},"content":{"rendered":"\t\t<div data-elementor-type=\"wp-post\" data-elementor-id=\"2625\" class=\"elementor elementor-2625\" data-elementor-post-type=\"page\">\n\t\t\t\t\t\t\t\t\t<section class=\"elementor-section elementor-top-section elementor-element elementor-element-fb3d1e8 elementor-section-stretched elementor-section-boxed elementor-section-height-default elementor-section-height-default\" data-id=\"fb3d1e8\" data-element_type=\"section\" data-settings=\"{&quot;stretch_section&quot;:&quot;section-stretched&quot;}\">\n\t\t\t\t\t\t<div class=\"elementor-container elementor-column-gap-default\">\n\t\t\t\t\t<div class=\"elementor-column elementor-col-100 elementor-top-column elementor-element elementor-element-2cc21d3\" data-id=\"2cc21d3\" data-element_type=\"column\">\n\t\t\t<div class=\"elementor-widget-wrap elementor-element-populated\">\n\t\t\t\t\t\t\t\t<div class=\"elementor-element elementor-element-16fbcb8 elementor-widget elementor-widget-heading\" data-id=\"16fbcb8\" data-element_type=\"widget\" data-widget_type=\"heading.default\">\n\t\t\t\t<div class=\"elementor-widget-container\">\n\t\t\t<h2 class=\"elementor-heading-title elementor-size-default\">Especialista en Seguridad de Redes<\/h2>\t\t<\/div>\n\t\t\t\t<\/div>\n\t\t\t\t\t<\/div>\n\t\t<\/div>\n\t\t\t\t\t\t\t<\/div>\n\t\t<\/section>\n\t\t\t\t<section class=\"elementor-section elementor-top-section elementor-element elementor-element-eae4f70 elementor-section-stretched elementor-section-boxed elementor-section-height-default elementor-section-height-default\" data-id=\"eae4f70\" data-element_type=\"section\" data-settings=\"{&quot;stretch_section&quot;:&quot;section-stretched&quot;}\">\n\t\t\t\t\t\t<div class=\"elementor-container elementor-column-gap-default\">\n\t\t\t\t\t<div class=\"elementor-column elementor-col-100 elementor-top-column elementor-element elementor-element-0b54935\" data-id=\"0b54935\" data-element_type=\"column\">\n\t\t\t<div class=\"elementor-widget-wrap elementor-element-populated\">\n\t\t\t\t\t\t\t\t<div class=\"elementor-element elementor-element-2f97a19 elementor-widget-divider--view-line elementor-widget elementor-widget-divider\" data-id=\"2f97a19\" data-element_type=\"widget\" data-widget_type=\"divider.default\">\n\t\t\t\t<div class=\"elementor-widget-container\">\n\t\t\t\t\t<div class=\"elementor-divider\">\n\t\t\t<span class=\"elementor-divider-separator\">\n\t\t\t\t\t\t<\/span>\n\t\t<\/div>\n\t\t\t\t<\/div>\n\t\t\t\t<\/div>\n\t\t\t\t<div class=\"elementor-element elementor-element-83ca274 elementor-widget elementor-widget-spacer\" data-id=\"83ca274\" data-element_type=\"widget\" data-widget_type=\"spacer.default\">\n\t\t\t\t<div class=\"elementor-widget-container\">\n\t\t\t\t\t<div class=\"elementor-spacer\">\n\t\t\t<div class=\"elementor-spacer-inner\"><\/div>\n\t\t<\/div>\n\t\t\t\t<\/div>\n\t\t\t\t<\/div>\n\t\t\t\t\t<\/div>\n\t\t<\/div>\n\t\t\t\t\t\t\t<\/div>\n\t\t<\/section>\n\t\t\t\t<section class=\"elementor-section elementor-top-section elementor-element elementor-element-5529ad3 elementor-section-boxed elementor-section-height-default elementor-section-height-default\" data-id=\"5529ad3\" data-element_type=\"section\">\n\t\t\t\t\t\t<div class=\"elementor-container elementor-column-gap-default\">\n\t\t\t\t\t<div class=\"elementor-column elementor-col-100 elementor-top-column elementor-element elementor-element-30d8598\" data-id=\"30d8598\" data-element_type=\"column\">\n\t\t\t<div class=\"elementor-widget-wrap elementor-element-populated\">\n\t\t\t\t\t\t\t\t<div class=\"elementor-element elementor-element-986575f elementor--h-position-center elementor--v-position-middle elementor-arrows-position-inside elementor-pagination-position-inside elementor-widget elementor-widget-slides\" data-id=\"986575f\" data-element_type=\"widget\" data-settings=\"{&quot;autoplay_speed&quot;:6000,&quot;transition&quot;:&quot;fade&quot;,&quot;transition_speed&quot;:600,&quot;navigation&quot;:&quot;both&quot;,&quot;autoplay&quot;:&quot;yes&quot;,&quot;pause_on_hover&quot;:&quot;yes&quot;,&quot;pause_on_interaction&quot;:&quot;yes&quot;,&quot;infinite&quot;:&quot;yes&quot;}\" data-widget_type=\"slides.default\">\n\t\t\t\t<div class=\"elementor-widget-container\">\n\t\t\t\t\t<div class=\"elementor-swiper\">\n\t\t\t<div class=\"elementor-slides-wrapper elementor-main-swiper swiper-container\" dir=\"ltr\" data-animation=\"fadeInUp\">\n\t\t\t\t<div class=\"swiper-wrapper elementor-slides\">\n\t\t\t\t\t\t\t\t\t\t<div class=\"elementor-repeater-item-5c3ccd7 swiper-slide\"><div class=\"swiper-slide-bg\" role=\"img\"><\/div><div class=\"swiper-slide-inner\" ><div class=\"swiper-slide-contents\"><\/div><\/div><\/div><div class=\"elementor-repeater-item-814e14a swiper-slide\"><div class=\"swiper-slide-bg\" role=\"img\"><\/div><div class=\"swiper-slide-inner\" ><div class=\"swiper-slide-contents\"><\/div><\/div><\/div>\t\t\t\t<\/div>\n\t\t\t\t\t\t\t\t\t\t\t\t\t\t\t<div class=\"swiper-pagination\"><\/div>\n\t\t\t\t\t\t\t\t\t\t\t\t\t\t\t\t<div class=\"elementor-swiper-button elementor-swiper-button-prev\" role=\"button\" tabindex=\"0\">\n\t\t\t\t\t\t\t<i aria-hidden=\"true\" class=\"eicon-chevron-left\"><\/i>\t\t\t\t\t\t\t<span class=\"elementor-screen-only\">Previous slide<\/span>\n\t\t\t\t\t\t<\/div>\n\t\t\t\t\t\t<div class=\"elementor-swiper-button elementor-swiper-button-next\" role=\"button\" tabindex=\"0\">\n\t\t\t\t\t\t\t<i aria-hidden=\"true\" class=\"eicon-chevron-right\"><\/i>\t\t\t\t\t\t\t<span class=\"elementor-screen-only\">Next slide<\/span>\n\t\t\t\t\t\t<\/div>\n\t\t\t\t\t\t\t\t\t\t\t\t<\/div>\n\t\t<\/div>\n\t\t\t\t<\/div>\n\t\t\t\t<\/div>\n\t\t\t\t\t<\/div>\n\t\t<\/div>\n\t\t\t\t\t\t\t<\/div>\n\t\t<\/section>\n\t\t\t\t<section class=\"elementor-section elementor-top-section elementor-element elementor-element-a078092 elementor-section-boxed elementor-section-height-default elementor-section-height-default\" data-id=\"a078092\" data-element_type=\"section\">\n\t\t\t\t\t\t<div class=\"elementor-container elementor-column-gap-default\">\n\t\t\t\t\t<div class=\"elementor-column elementor-col-100 elementor-top-column elementor-element elementor-element-677131c\" data-id=\"677131c\" data-element_type=\"column\">\n\t\t\t<div class=\"elementor-widget-wrap elementor-element-populated\">\n\t\t\t\t\t\t\t\t<div class=\"elementor-element elementor-element-f0b9746 elementor-widget elementor-widget-heading\" data-id=\"f0b9746\" data-element_type=\"widget\" data-widget_type=\"heading.default\">\n\t\t\t\t<div class=\"elementor-widget-container\">\n\t\t\t<h5 class=\"elementor-heading-title elementor-size-small\">Contenido<\/h5>\t\t<\/div>\n\t\t\t\t<\/div>\n\t\t\t\t\t<\/div>\n\t\t<\/div>\n\t\t\t\t\t\t\t<\/div>\n\t\t<\/section>\n\t\t\t\t<section class=\"elementor-section elementor-top-section elementor-element elementor-element-0ed0ccb elementor-section-boxed elementor-section-height-default elementor-section-height-default\" data-id=\"0ed0ccb\" data-element_type=\"section\">\n\t\t\t\t\t\t<div class=\"elementor-container elementor-column-gap-default\">\n\t\t\t\t\t<div class=\"elementor-column elementor-col-100 elementor-top-column elementor-element elementor-element-2883eed\" data-id=\"2883eed\" data-element_type=\"column\">\n\t\t\t<div class=\"elementor-widget-wrap elementor-element-populated\">\n\t\t\t\t\t\t\t\t<div class=\"elementor-element elementor-element-505678e elementor-widget elementor-widget-image\" data-id=\"505678e\" data-element_type=\"widget\" data-widget_type=\"image.default\">\n\t\t\t\t<div class=\"elementor-widget-container\">\n\t\t\t\t\t\t\t\t\t\t\t\t\t\t\t<img fetchpriority=\"high\" decoding=\"async\" width=\"814\" height=\"563\" src=\"https:\/\/www.atyccr.com\/wp-content\/uploads\/2020\/08\/s2.png\" class=\"attachment-large size-large wp-image-2637\" alt=\"\" srcset=\"https:\/\/www.atyccr.com\/wp-content\/uploads\/2020\/08\/s2.png 814w, https:\/\/www.atyccr.com\/wp-content\/uploads\/2020\/08\/s2-300x207.png 300w, https:\/\/www.atyccr.com\/wp-content\/uploads\/2020\/08\/s2-768x531.png 768w, https:\/\/www.atyccr.com\/wp-content\/uploads\/2020\/08\/s2-230x159.png 230w, https:\/\/www.atyccr.com\/wp-content\/uploads\/2020\/08\/s2-350x242.png 350w, https:\/\/www.atyccr.com\/wp-content\/uploads\/2020\/08\/s2-480x332.png 480w\" sizes=\"(max-width: 814px) 100vw, 814px\" \/>\t\t\t\t\t\t\t\t\t\t\t\t\t\t\t<\/div>\n\t\t\t\t<\/div>\n\t\t\t\t\t<\/div>\n\t\t<\/div>\n\t\t\t\t\t\t\t<\/div>\n\t\t<\/section>\n\t\t\t\t<section class=\"elementor-section elementor-top-section elementor-element elementor-element-4a0fd0b elementor-section-boxed elementor-section-height-default elementor-section-height-default\" data-id=\"4a0fd0b\" data-element_type=\"section\">\n\t\t\t\t\t\t<div class=\"elementor-container elementor-column-gap-default\">\n\t\t\t\t\t<div class=\"elementor-column elementor-col-100 elementor-top-column elementor-element elementor-element-f6e11b1\" data-id=\"f6e11b1\" data-element_type=\"column\">\n\t\t\t<div class=\"elementor-widget-wrap elementor-element-populated\">\n\t\t\t\t\t\t\t\t<div class=\"elementor-element elementor-element-11074f5 elementor-widget elementor-widget-heading\" data-id=\"11074f5\" data-element_type=\"widget\" data-widget_type=\"heading.default\">\n\t\t\t\t<div class=\"elementor-widget-container\">\n\t\t\t<h6 class=\"elementor-heading-title elementor-size-small\">Financiamiento Disponible<\/h6>\t\t<\/div>\n\t\t\t\t<\/div>\n\t\t\t\t\t<\/div>\n\t\t<\/div>\n\t\t\t\t\t\t\t<\/div>\n\t\t<\/section>\n\t\t\t\t<section class=\"elementor-section elementor-top-section elementor-element elementor-element-a50ee3b elementor-section-boxed elementor-section-height-default elementor-section-height-default\" data-id=\"a50ee3b\" data-element_type=\"section\">\n\t\t\t\t\t\t<div class=\"elementor-container elementor-column-gap-default\">\n\t\t\t\t\t<div class=\"elementor-column elementor-col-100 elementor-top-column elementor-element elementor-element-363125d\" data-id=\"363125d\" data-element_type=\"column\">\n\t\t\t<div class=\"elementor-widget-wrap elementor-element-populated\">\n\t\t\t\t\t\t\t\t<div class=\"elementor-element elementor-element-5745158 elementor-widget elementor-widget-image\" data-id=\"5745158\" data-element_type=\"widget\" data-widget_type=\"image.default\">\n\t\t\t\t<div class=\"elementor-widget-container\">\n\t\t\t\t\t\t\t\t\t\t\t\t\t\t\t<img decoding=\"async\" width=\"796\" height=\"417\" src=\"https:\/\/www.atyccr.com\/wp-content\/uploads\/2020\/08\/s4.png\" class=\"attachment-large size-large wp-image-2641\" alt=\"\" srcset=\"https:\/\/www.atyccr.com\/wp-content\/uploads\/2020\/08\/s4.png 796w, https:\/\/www.atyccr.com\/wp-content\/uploads\/2020\/08\/s4-300x157.png 300w, https:\/\/www.atyccr.com\/wp-content\/uploads\/2020\/08\/s4-768x402.png 768w, https:\/\/www.atyccr.com\/wp-content\/uploads\/2020\/08\/s4-230x120.png 230w, https:\/\/www.atyccr.com\/wp-content\/uploads\/2020\/08\/s4-350x183.png 350w, https:\/\/www.atyccr.com\/wp-content\/uploads\/2020\/08\/s4-480x251.png 480w\" sizes=\"(max-width: 796px) 100vw, 796px\" \/>\t\t\t\t\t\t\t\t\t\t\t\t\t\t\t<\/div>\n\t\t\t\t<\/div>\n\t\t\t\t\t<\/div>\n\t\t<\/div>\n\t\t\t\t\t\t\t<\/div>\n\t\t<\/section>\n\t\t\t\t<section class=\"elementor-section elementor-top-section elementor-element elementor-element-2d7782a elementor-section-boxed elementor-section-height-default elementor-section-height-default\" data-id=\"2d7782a\" data-element_type=\"section\">\n\t\t\t\t\t\t<div class=\"elementor-container elementor-column-gap-default\">\n\t\t\t\t\t<div class=\"elementor-column elementor-col-100 elementor-top-column elementor-element elementor-element-9dca2a0\" data-id=\"9dca2a0\" data-element_type=\"column\">\n\t\t\t<div class=\"elementor-widget-wrap elementor-element-populated\">\n\t\t\t\t\t\t\t\t<div class=\"elementor-element elementor-element-4dcb9df elementor-widget elementor-widget-spacer\" data-id=\"4dcb9df\" data-element_type=\"widget\" data-widget_type=\"spacer.default\">\n\t\t\t\t<div class=\"elementor-widget-container\">\n\t\t\t\t\t<div class=\"elementor-spacer\">\n\t\t\t<div class=\"elementor-spacer-inner\"><\/div>\n\t\t<\/div>\n\t\t\t\t<\/div>\n\t\t\t\t<\/div>\n\t\t\t\t\t<\/div>\n\t\t<\/div>\n\t\t\t\t\t\t\t<\/div>\n\t\t<\/section>\n\t\t\t\t<section class=\"elementor-section elementor-top-section elementor-element elementor-element-86b9dec elementor-section-boxed elementor-section-height-default elementor-section-height-default\" data-id=\"86b9dec\" data-element_type=\"section\">\n\t\t\t\t\t\t<div class=\"elementor-container elementor-column-gap-default\">\n\t\t\t\t\t<div class=\"elementor-column elementor-col-100 elementor-top-column elementor-element elementor-element-04c9409\" data-id=\"04c9409\" data-element_type=\"column\">\n\t\t\t<div class=\"elementor-widget-wrap elementor-element-populated\">\n\t\t\t\t\t\t\t\t<div class=\"elementor-element elementor-element-eb546ed elementor-widget elementor-widget-heading\" data-id=\"eb546ed\" data-element_type=\"widget\" data-widget_type=\"heading.default\">\n\t\t\t\t<div class=\"elementor-widget-container\">\n\t\t\t<h5 class=\"elementor-heading-title elementor-size-small\">Detalle de Curso<\/h5>\t\t<\/div>\n\t\t\t\t<\/div>\n\t\t\t\t\t<\/div>\n\t\t<\/div>\n\t\t\t\t\t\t\t<\/div>\n\t\t<\/section>\n\t\t\t\t<section class=\"elementor-section elementor-top-section elementor-element elementor-element-0915d9f elementor-section-boxed elementor-section-height-default elementor-section-height-default\" data-id=\"0915d9f\" data-element_type=\"section\">\n\t\t\t\t\t\t<div class=\"elementor-container elementor-column-gap-default\">\n\t\t\t\t\t<div class=\"elementor-column elementor-col-100 elementor-top-column elementor-element elementor-element-3ed4f82\" data-id=\"3ed4f82\" data-element_type=\"column\">\n\t\t\t<div class=\"elementor-widget-wrap elementor-element-populated\">\n\t\t\t\t\t\t\t\t<div class=\"elementor-element elementor-element-634118a elementor-tabs-view-horizontal elementor-widget elementor-widget-tabs\" data-id=\"634118a\" data-element_type=\"widget\" data-widget_type=\"tabs.default\">\n\t\t\t\t<div class=\"elementor-widget-container\">\n\t\t\t\t\t<div class=\"elementor-tabs\">\n\t\t\t<div class=\"elementor-tabs-wrapper\" role=\"tablist\" >\n\t\t\t\t\t\t\t\t\t<div id=\"elementor-tab-title-1041\" class=\"elementor-tab-title elementor-tab-desktop-title\" aria-selected=\"true\" data-tab=\"1\" role=\"tab\" tabindex=\"0\" aria-controls=\"elementor-tab-content-1041\" aria-expanded=\"false\">Inicio<\/div>\n\t\t\t\t\t\t\t\t\t<div id=\"elementor-tab-title-1042\" class=\"elementor-tab-title elementor-tab-desktop-title\" aria-selected=\"false\" data-tab=\"2\" role=\"tab\" tabindex=\"-1\" aria-controls=\"elementor-tab-content-1042\" aria-expanded=\"false\">Especialista en Seguridad de Redes <\/div>\n\t\t\t\t\t\t\t\t\t<div id=\"elementor-tab-title-1043\" class=\"elementor-tab-title elementor-tab-desktop-title\" aria-selected=\"false\" data-tab=\"3\" role=\"tab\" tabindex=\"-1\" aria-controls=\"elementor-tab-content-1043\" aria-expanded=\"false\">Cisco CCNA CyberOps<\/div>\n\t\t\t\t\t\t\t\t\t<div id=\"elementor-tab-title-1044\" class=\"elementor-tab-title elementor-tab-desktop-title\" aria-selected=\"false\" data-tab=\"4\" role=\"tab\" tabindex=\"-1\" aria-controls=\"elementor-tab-content-1044\" aria-expanded=\"false\">Cisco CCNA Security<\/div>\n\t\t\t\t\t\t\t<\/div>\n\t\t\t<div class=\"elementor-tabs-content-wrapper\" role=\"tablist\" aria-orientation=\"vertical\">\n\t\t\t\t\t\t\t\t\t<div class=\"elementor-tab-title elementor-tab-mobile-title\" aria-selected=\"true\" data-tab=\"1\" role=\"tab\" tabindex=\"0\" aria-controls=\"elementor-tab-content-1041\" aria-expanded=\"false\">Inicio<\/div>\n\t\t\t\t\t<div id=\"elementor-tab-content-1041\" class=\"elementor-tab-content elementor-clearfix\" data-tab=\"1\" role=\"tabpanel\" aria-labelledby=\"elementor-tab-title-1041\" tabindex=\"0\" hidden=\"false\"><p>La academia Cisco ATyC | Costa Rica es una Academia que imparte cursos Cisco virtuales<br \/>100% en vivo, con acceso a clases grabadas para que los estudiantes la puedan volver a ver<br \/>las veces que deseen.<br \/>Contamos con profesores certificados altamente calificados, que cuentan con experiencia<br \/>en la rama.<br \/>Somos Cisco Networking Academy por lo que los t\u00edtulos dados por la academia son avalados<br \/>por Cisco Company por lo que tienen validez a nivel internacional.<br \/>Se entrega un t\u00edtulo avalado por Cisco por cada m\u00f3dulo concluido en nuestros cursos Cisco.<br \/>Todos los estudiantes matriculados en los cursos Cisco ser\u00e1n ingresados a nuestra Academia<br \/>Cisco NetAcad, donde tendr\u00e1 acceso al material m\u00e1s reciente del curso matriculado, y<br \/>adem\u00e1s podr\u00e1 contar entre otras herramientas con la \u00faltima versi\u00f3n del simulador Cisco<br \/>Packet Tracer 7.3.2<\/p><\/div>\n\t\t\t\t\t\t\t\t\t<div class=\"elementor-tab-title elementor-tab-mobile-title\" aria-selected=\"false\" data-tab=\"2\" role=\"tab\" tabindex=\"-1\" aria-controls=\"elementor-tab-content-1042\" aria-expanded=\"false\">Especialista en Seguridad de Redes <\/div>\n\t\t\t\t\t<div id=\"elementor-tab-content-1042\" class=\"elementor-tab-content elementor-clearfix\" data-tab=\"2\" role=\"tabpanel\" aria-labelledby=\"elementor-tab-title-1042\" tabindex=\"0\" hidden=\"hidden\"><p>Actualmente, hay mucha demanda de profesionales especializados en ciberseguridad que<br \/>pueden proteger y defender la red de una organizaci\u00f3n. Ponga a trabajar sus aptitudes de<br \/>detective: estudie para convertirse en un profesional que combata la ciberdelincuencia.<br \/>La academia Cisco ATyC | Costa Rica le ofrece la uni\u00f3n perfecta de Cursos de seguridad para<br \/>convertirse en un profesional en el \u00e1rea, creando el \u201cEspecialista en seguridad de redes\u201d<br \/>dicha especialidad esta compuesta por los cursos Cisco Cyber Ops + CCNA Security,<br \/>convirti\u00e9ndote al final de los cursos en un profesional en el tema.<br \/>En 7 meses habr\u00e1 finalizado con este plan de estudios en Cyber Security.<\/p><\/div>\n\t\t\t\t\t\t\t\t\t<div class=\"elementor-tab-title elementor-tab-mobile-title\" aria-selected=\"false\" data-tab=\"3\" role=\"tab\" tabindex=\"-1\" aria-controls=\"elementor-tab-content-1043\" aria-expanded=\"false\">Cisco CCNA CyberOps<\/div>\n\t\t\t\t\t<div id=\"elementor-tab-content-1043\" class=\"elementor-tab-content elementor-clearfix\" data-tab=\"3\" role=\"tabpanel\" aria-labelledby=\"elementor-tab-title-1043\" tabindex=\"0\" hidden=\"hidden\"><p>Descripci\u00f3n del curso<br \/>Detectar la ciberdelincuencia, el ciber espionaje y otras amenazas a la integridad de las<br \/>redes es una nueva \u00e1rea fascinante que se expande a todas las industrias. Adquiera<br \/>habilidades para acceder a oportunidades cada vez m\u00e1s interesantes en centros de<br \/>operaciones de seguridad, como analista u operador ante incidentes. Y, ante todo, haga del<br \/>mundo un lugar m\u00e1s seguro. El curso se centra en c\u00f3mo monitorear, detectar y responder<br \/>a las amenazas de ciberseguridad. Adem\u00e1s, abarca la criptograf\u00eda, el an\u00e1lisis de seguridad<br \/>basado en host, el monitoreo de seguridad, el an\u00e1lisis forense de computadoras, los<br \/>m\u00e9todos de ataque, los informes y el manejo de incidentes. Obtenga m\u00e1s informaci\u00f3n sobre<br \/>la certificaci\u00f3n Cisco Certified CyberOps Associate.<br \/>Preparaci\u00f3n recomendada: Cisco CCNA o conocimientos equivalentes.<br \/>Contenido<br \/>1. Ciberseguridad y los centros de operaciones de seguridad<br \/>2. Sistema operativo Windows<br \/>3. Sistema operativo Linux<br \/>4. Protocolos y servicios de red<br \/>5. Infraestructura de red<br \/>6. Principios de la seguridad de redes<br \/>7. Ataques a la red: una mirada m\u00e1s detallada<br \/>8. Protecci\u00f3n de redes<br \/>9. La criptograf\u00eda y la infraestructura de claves p\u00fablicas<br \/>10. Seguridad y an\u00e1lisis de dispositivos finales<br \/>11. Monitoreo de seguridad<br \/>12. An\u00e1lisis de datos de intrusiones a la red<br \/>13. Manejo y respuesta ante incidentes de seguridad<\/p><\/div>\n\t\t\t\t\t\t\t\t\t<div class=\"elementor-tab-title elementor-tab-mobile-title\" aria-selected=\"false\" data-tab=\"4\" role=\"tab\" tabindex=\"-1\" aria-controls=\"elementor-tab-content-1044\" aria-expanded=\"false\">Cisco CCNA Security<\/div>\n\t\t\t\t\t<div id=\"elementor-tab-content-1044\" class=\"elementor-tab-content elementor-clearfix\" data-tab=\"4\" role=\"tabpanel\" aria-labelledby=\"elementor-tab-title-1044\" tabindex=\"0\" hidden=\"hidden\"><p>Descripci\u00f3n del curso<br \/>Imag\u00ednese como profesional de seguridad con la misi\u00f3n de proteger los datos de su empresa<br \/>ante robos, da\u00f1os o interrupciones. Las amenazas potenciales pueden surgir de diferentes<br \/>fuentes. Y el riesgo puede escalar r\u00e1pidamente hasta llegar a un evento de grandes<br \/>consecuencias donde deba reaccionar empleando los conocimientos adecuados. CCNA<br \/>Security lo prepara para realizar tareas como estas mediante el desarrollo de las destrezas<br \/>necesarias para dise\u00f1ar, implementar y respaldar la seguridad para los dispositivos de red y<br \/>garantizar su integridad. Comience a capacitarse hoy mismo y convi\u00e9rtase en un requerido<br \/>profesional de seguridad.<br \/>Preparaci\u00f3n recomendada: Cisco CCNA o conocimientos equivalentes + Cisco CyberOps.<br \/>Contenido<br \/>1. Modern Network Security Threats<br \/>2. Securing Network Devices<br \/>3. Authentication, Authorization and Accounting<br \/>4. Implementing Firewall Technologies<br \/>5. Implementing Intrusion Prevention<br \/>6. Securing the Local Area Network<br \/>7. Cryptography<br \/>8. Implementing Virtual Private Networks<br \/>9. Implementing the Cisco Adaptive Security Appliance (ASA)<br \/>10. Managing a Secure Network<\/p><\/div>\n\t\t\t\t\t\t\t<\/div>\n\t\t<\/div>\n\t\t\t\t<\/div>\n\t\t\t\t<\/div>\n\t\t\t\t\t<\/div>\n\t\t<\/div>\n\t\t\t\t\t\t\t<\/div>\n\t\t<\/section>\n\t\t\t\t<section class=\"elementor-section elementor-top-section elementor-element elementor-element-c1966a3 elementor-section-boxed elementor-section-height-default elementor-section-height-default\" data-id=\"c1966a3\" data-element_type=\"section\">\n\t\t\t\t\t\t<div class=\"elementor-container elementor-column-gap-default\">\n\t\t\t\t\t<div class=\"elementor-column elementor-col-100 elementor-top-column elementor-element elementor-element-4ede791\" data-id=\"4ede791\" data-element_type=\"column\">\n\t\t\t<div class=\"elementor-widget-wrap elementor-element-populated\">\n\t\t\t\t\t\t\t\t<div class=\"elementor-element elementor-element-c3f6c89 elementor-widget elementor-widget-image\" data-id=\"c3f6c89\" data-element_type=\"widget\" data-widget_type=\"image.default\">\n\t\t\t\t<div class=\"elementor-widget-container\">\n\t\t\t\t\t\t\t\t\t\t\t\t\t\t\t<img decoding=\"async\" width=\"810\" height=\"178\" src=\"https:\/\/www.atyccr.com\/wp-content\/uploads\/2020\/08\/s1.png\" class=\"attachment-large size-large wp-image-2635\" alt=\"\" srcset=\"https:\/\/www.atyccr.com\/wp-content\/uploads\/2020\/08\/s1.png 810w, https:\/\/www.atyccr.com\/wp-content\/uploads\/2020\/08\/s1-300x66.png 300w, https:\/\/www.atyccr.com\/wp-content\/uploads\/2020\/08\/s1-768x169.png 768w, https:\/\/www.atyccr.com\/wp-content\/uploads\/2020\/08\/s1-230x51.png 230w, https:\/\/www.atyccr.com\/wp-content\/uploads\/2020\/08\/s1-350x77.png 350w, https:\/\/www.atyccr.com\/wp-content\/uploads\/2020\/08\/s1-480x105.png 480w\" sizes=\"(max-width: 810px) 100vw, 810px\" \/>\t\t\t\t\t\t\t\t\t\t\t\t\t\t\t<\/div>\n\t\t\t\t<\/div>\n\t\t\t\t\t<\/div>\n\t\t<\/div>\n\t\t\t\t\t\t\t<\/div>\n\t\t<\/section>\n\t\t\t\t\t\t\t<\/div>\n\t\t","protected":false},"excerpt":{"rendered":"<p>Especialista en Seguridad de Redes Contenido Financiamiento Disponible Detalle de Curso Inicio Especialista en Seguridad de Redes Cisco CCNA CyberOps Cisco CCNA Security Inicio La academia Cisco ATyC | Costa Rica es una Academia que imparte cursos Cisco virtuales100% en vivo, con acceso a clases grabadas para que los estudiantes la puedan volver a verlas [&hellip;]<\/p>\n","protected":false},"author":1,"featured_media":0,"parent":0,"menu_order":0,"comment_status":"closed","ping_status":"closed","template":"elementor_header_footer","meta":{"footnotes":""},"_links":{"self":[{"href":"https:\/\/www.atyccr.com\/index.php?rest_route=\/wp\/v2\/pages\/2625"}],"collection":[{"href":"https:\/\/www.atyccr.com\/index.php?rest_route=\/wp\/v2\/pages"}],"about":[{"href":"https:\/\/www.atyccr.com\/index.php?rest_route=\/wp\/v2\/types\/page"}],"author":[{"embeddable":true,"href":"https:\/\/www.atyccr.com\/index.php?rest_route=\/wp\/v2\/users\/1"}],"replies":[{"embeddable":true,"href":"https:\/\/www.atyccr.com\/index.php?rest_route=%2Fwp%2Fv2%2Fcomments&post=2625"}],"version-history":[{"count":15,"href":"https:\/\/www.atyccr.com\/index.php?rest_route=\/wp\/v2\/pages\/2625\/revisions"}],"predecessor-version":[{"id":2667,"href":"https:\/\/www.atyccr.com\/index.php?rest_route=\/wp\/v2\/pages\/2625\/revisions\/2667"}],"wp:attachment":[{"href":"https:\/\/www.atyccr.com\/index.php?rest_route=%2Fwp%2Fv2%2Fmedia&parent=2625"}],"curies":[{"name":"wp","href":"https:\/\/api.w.org\/{rel}","templated":true}]}}